{"id":227,"date":"2023-03-07T19:26:01","date_gmt":"2023-03-07T18:26:01","guid":{"rendered":"http:\/\/www.baadlauget.dk\/?page_id=227"},"modified":"2025-01-13T12:23:17","modified_gmt":"2025-01-13T11:23:17","slug":"generalforsamling-2023","status":"publish","type":"page","link":"http:\/\/www.baadlauget.dk\/index.php\/dokumenter\/generalforsamling-2023\/","title":{"rendered":"Referat fra GF 2023"},"content":{"rendered":"\n<p>FREDERIKSV\u00c6RK B\u00c5DELAUG<\/p>\n\n\n\n<p>Mandag den 13. februar 2023<\/p>\n\n\n\n<p><strong><u>SUMMARISK REFERAT FRA GENERALFORSAMLINGEN S\u00d8NDAG DEN 12. FEBRUAR 2023<\/u><\/strong><\/p>\n\n\n\n<p>Formanden kunne byde velkommen til 20 fremm\u00f8dte og udtrykte h\u00e5bet om en rolig og v\u00e6rdig generalforsamling.<\/p>\n\n\n\n<p>F\u00f8rste punkt p\u00e5 dagsordenen var valg af dirigent og bestyrelsen foreslog Leif Larsen, som blev valgt med akklamation. Dirigenten konstaterede, at generalforsamlingen var lovligt indvarslet og beslutningsdygtig. Formanden fik herefter ordet for beretningen.<\/p>\n\n\n\n<p><strong><u>Bestyrelsens beretning for 2022.<\/u><\/strong><br>2022 er g\u00e5et uden, at Coronaen har grebet voldsomt forstyrrende ind \u2013 vi tilskriver det omtanke, omhu og hensyn til hinanden \u2013 s\u00e5dan skal det v\u00e6re.<\/p>\n\n\n\n<p><strong>Bestyrelsessammens\u00e6tningen <\/strong>har v\u00e6ret u\u00e6ndret i hele perioden. I \u00e5rets l\u00f8b har der v\u00e6ret afholdt <strong>9 bestyrelsesm\u00f8der<\/strong> og de <strong>\u00f8konomiske dispositioner<\/strong> har i hovedtr\u00e6kkene andraget ca. kr. 12.000 og fordeler sig s\u00e5ledes: Bestyrelsesm\u00f8der med kr. 702, medlemsarrangementer med kr. 7.083, \u201dgaver\u201d med kr. 2.800 (hjemmeside, b\u00e5rebuket og vin) og kontorhold med kr. 1704.<\/p>\n\n\n\n<p><strong>Medlemsstatus<\/strong> er steget fra 127 til 128.<\/p>\n\n\n\n<p><strong>Aktiviteterne<\/strong> i det forgange \u00e5r har udgjort:<\/p>\n\n\n\n<ul><li>Generalforsamling i februar med 24 fremm\u00f8dte \u2013 Ole \u201dSnus\u201d valgte at fratr\u00e6de bestyrelsen efter mange \u00e5rs tro tjeneste og vi valgte at g\u00f8re Ole til \u00e6resmedlem.<\/li><li>Peter og Mikaels brunk\u00e5l tiltrak ca. 20 deltagere.<\/li><li>Kontingentindbetaling i marts hvor ca. 65 m\u00f8dte frem.<\/li><li>Standerhejsning i april med 19 deltagere.<\/li><li>Sct. Hansgrill i juni som tiltrak 40 hoveder.<\/li><li>Herretur i september, som er ved at v\u00e6re et B\u00e5delaugs-arrangement.<\/li><li>Standerhaling i november med 26 deltagere.<\/li><li>Pia og Niels\u2019 gule \u00e6rter i november med 18 deltagere.<\/li><li>Jytte og S\u00f8rens gl\u00f8gg-arrangement i december med 17 deltagere.<\/li><\/ul>\n\n\n\n<p><strong>Klubhuset<\/strong> er fortsat et hyggeligt samlingssted b\u00e5de til hverdag og fest og Kasper styrer det p\u00e5 fin vis \u2013 tak for det Kasper.<br>Ogs\u00e5 tak til Peter som formand billard.<br>Vi har strammet op p\u00e5 reglerne omkring udl\u00e5n g\u00e5ende p\u00e5, at udl\u00e5n er til medlemmer, at man skal have v\u00e6ret medlem mindst 1 \u00e5r, samt at der skal v\u00e6re ryddeligt og rent ved afleveringen, hvis man vil have sit depositum p\u00e5 kr. 2.500 tilbage.<br>Flagsnoren til standeren har drillet meget, men nu skulle den virke \u2013 vi krydser fingre.<br>Vores hjemmeside er kommet op at st\u00e5 og vi synes selv, den ser rigtig godt ud.<\/p>\n\n\n\n<p><strong>2023, hvad vil det bringe?<\/strong><br>Aktivitetskalenderen er udsendt, men finder I p\u00e5 noget andet\/mere, s\u00e5 skriv p\u00e5 tavlen.<br>Klubhuset skal males, et par sternbr\u00e6dder skal skiftes, skurtaget skal have en overhaling \u2013 det tager vi op i l\u00f8bet af for\u00e5ret.<br>I det tidlige for\u00e5r har vi tidligere nydt brunk\u00e5l \u201dmit alles\u201d ved Peter og Mikaels foranstaltning \u2013 det ser vi naturligvis frem til igen \u2013 og det er fastsat til l\u00f8rdag den 18. marts; s\u00e5dan!<br>Idet sene for\u00e5r vil vi arbejde p\u00e5 at komme en tur med Frederikke p\u00e5 Arres\u00f8 \u2013 men mere om det senere.<\/p>\n\n\n\n<p><strong>Tak for 2022<\/strong> og tak for indsatsen fra jer, der giver en h\u00e5nd med b\u00e5de i hverdagen og ved festlige lejligheder.<\/p>\n\n\n\n<p>Dirigenten forespurgte, om der var bem\u00e6rkninger til beretningen, hvilket der ikke var. Beretningen fik en h\u00e5nd med p\u00e5 vejen.<\/p>\n\n\n\n<p><strong><u>Freml\u00e6ggelse af regnskab.<\/u><\/strong><br>Kassereren Michael H\u00f8ybye fremlagde regnskabet og fremh\u00e6vede den h\u00f8je udgift til el, samt det un\u00f8dige arbejde med medlemmer, der betaler kontingent (alt) for sent \u2013 22 havde ikke betalt da fristen udl\u00f8b 31. marts 2022 og den sidste betalte f\u00f8rst ved \u00e5rets udgang!<br>Der var lidt sp\u00f8rgsm\u00e5l om gebyrer mv. i forhold til banken, hvorefter regnskabet blev godkendt med akklamation.<\/p>\n\n\n\n<p><strong><u>Fasts\u00e6ttelse af kontingent mv.<br><\/u><\/strong>Takstbladet fremlagdes mundtligt og bestyrelsen forslog det u\u00e6ndret s\u00e5ledes: Kontingent kr. 400, indmeldelsesgebyr kr. 100, opkr\u00e6vningsgebyr kr. 100 og kollektiv ansvarsforsikring kr. 230. Opkr\u00e6vningsgebyret blev forsl\u00e5et sat til kr. 400 for at s\u00e6tte alvor p\u00e5 overfor restanter i forbindelse med kontingentindbetaling. Formanden forslog i stedet at indskrive en \u201dprofylaktisk skideballe\u201d til rette vedkommende.<br>Generalforsamlingen godkendte p\u00e5 dette grundlag, at takstbladet forts\u00e6tter u\u00e6ndret.<\/p>\n\n\n\n<p><strong><u>Indkomne forslag.<\/u><\/strong> Der var ingen indkomne forslag.<\/p>\n\n\n\n<p><strong><u>Valg til bestyrelsen:<br><\/u><\/strong>Niels Gregart blev genvalgt for 2 \u00e5r og S\u00f8ren S\u00f8gaard blev nyvalgt for 2 \u00e5r, idet Mikael Winther havde \u00f8nsket at tr\u00e6de ud; tak til Mikael for indsatsen gennem flere \u00e5r.<br>Michael H\u00f8ybyes situation havde \u00e6ndret sig og han blev genvalgt for 1 \u00e5r.<br>Lars Arnesen og S\u00f8ren Nielsen var ikke p\u00e5 valg og bliver siddende.<br>Som bestyrelsessuppleanter blev Pia Winther og Erling Mangaard genvalgt med akklamation<br>Som revisorer blev Susanne Gregart genvalgt og Helle Harder nyvalgt med akklamation.<\/p>\n\n\n\n<p><strong><u>Eventuelt.<\/u><\/strong><br>Som kandidat til A.m.b.a. blev S\u00f8ren Nielsen bragt i forslag, idet Per Olsen har \u00f8nsket at tr\u00e6de ud.<\/p>\n\n\n\n<p>Dirigenten kunne herefter konstatere, at dagsordenen var udt\u00f8mt og gav ordet tilbage til formanden, som takkede dirigenten for god og myndig ledelse af generalforsamlingen, samt naturligvis generalforsamlingen for valgene, samt god ro og orden.<\/p>\n\n\n\n<p>__Sign.______________________&nbsp;&nbsp;&nbsp;&nbsp;&nbsp;&nbsp;&nbsp;&nbsp;&nbsp;&nbsp;&nbsp;&nbsp;&nbsp;&nbsp;&nbsp;&nbsp;&nbsp;&nbsp;&nbsp;&nbsp;&nbsp;&nbsp;&nbsp;&nbsp;&nbsp;&nbsp;&nbsp;&nbsp;&nbsp;&nbsp;&nbsp;&nbsp;&nbsp;&nbsp;&nbsp;&nbsp;&nbsp;&nbsp;&nbsp;&nbsp; ___Sign._________________________________&nbsp;&nbsp;&nbsp;&nbsp;&nbsp;&nbsp;&nbsp;&nbsp;&nbsp;&nbsp;&nbsp;&nbsp;&nbsp;&nbsp;<br>Niels Gregart&nbsp;&nbsp;&nbsp;&nbsp;&nbsp;&nbsp;&nbsp;&nbsp;&nbsp;&nbsp;&nbsp;&nbsp;&nbsp;&nbsp;&nbsp;&nbsp;&nbsp;&nbsp;&nbsp;&nbsp;&nbsp;&nbsp;&nbsp;&nbsp;&nbsp;&nbsp;&nbsp;&nbsp;&nbsp;&nbsp;&nbsp;&nbsp;&nbsp;&nbsp;&nbsp;&nbsp;&nbsp;&nbsp;&nbsp;&nbsp;&nbsp;&nbsp;&nbsp;&nbsp;&nbsp;&nbsp;&nbsp;&nbsp;&nbsp;&nbsp;&nbsp;&nbsp;&nbsp;&nbsp;&nbsp;&nbsp;&nbsp;&nbsp;&nbsp;&nbsp;&nbsp;&nbsp;&nbsp;&nbsp;&nbsp;&nbsp;&nbsp;&nbsp;&nbsp;&nbsp;&nbsp;&nbsp;&nbsp;&nbsp; Leif Larsen<br>Referent&nbsp;&nbsp;&nbsp;&nbsp;&nbsp;&nbsp;&nbsp;&nbsp;&nbsp;&nbsp;&nbsp;&nbsp;&nbsp;&nbsp;&nbsp;&nbsp;&nbsp;&nbsp;&nbsp;&nbsp;&nbsp;&nbsp;&nbsp;&nbsp;&nbsp;&nbsp;&nbsp;&nbsp;&nbsp;&nbsp;&nbsp;&nbsp;&nbsp;&nbsp;&nbsp;&nbsp;&nbsp;&nbsp;&nbsp;&nbsp;&nbsp;&nbsp;&nbsp;&nbsp;&nbsp;&nbsp;&nbsp;&nbsp;&nbsp;&nbsp;&nbsp;&nbsp;&nbsp;&nbsp;&nbsp;&nbsp;&nbsp;&nbsp;&nbsp;&nbsp;&nbsp;&nbsp;&nbsp;&nbsp;&nbsp;&nbsp;&nbsp;&nbsp;&nbsp;&nbsp;&nbsp;&nbsp;&nbsp;&nbsp;&nbsp;&nbsp;&nbsp;&nbsp;&nbsp;&nbsp;&nbsp; Dirigent&nbsp;&nbsp;&nbsp;&nbsp;&nbsp;&nbsp;&nbsp;&nbsp;&nbsp;&nbsp;&nbsp;&nbsp;&nbsp;&nbsp;&nbsp;&nbsp;&nbsp;&nbsp;&nbsp;&nbsp;&nbsp;&nbsp;&nbsp;&nbsp;&nbsp;&nbsp;&nbsp;&nbsp;&nbsp;&nbsp;&nbsp;&nbsp;&nbsp;&nbsp;&nbsp;&nbsp;&nbsp;&nbsp;&nbsp;&nbsp;&nbsp;&nbsp;&nbsp;&nbsp;&nbsp;&nbsp;&nbsp;&nbsp;&nbsp;&nbsp;&nbsp;&nbsp;&nbsp;&nbsp;&nbsp;&nbsp;&nbsp;&nbsp; &nbsp;&nbsp;&nbsp;&nbsp;&nbsp;&nbsp;&nbsp;&nbsp;&nbsp;&nbsp;&nbsp;&nbsp;&nbsp;&nbsp;&nbsp;&nbsp;&nbsp;&nbsp;&nbsp;&nbsp;&nbsp;&nbsp;&nbsp;&nbsp;&nbsp;&nbsp;&nbsp;&nbsp;&nbsp;&nbsp;&nbsp;&nbsp;&nbsp;&nbsp;&nbsp;&nbsp;&nbsp;&nbsp;&nbsp;&nbsp;&nbsp;&nbsp;&nbsp;&nbsp;&nbsp;&nbsp;&nbsp;<br><strong>Note!<\/strong><br>Efter generalforsamlingen havde Steen Hasselriis, formanden for Frederiksv\u00e6rk Havn A.m.b.a stillet sig til r\u00e5dighed for en orientering om livet p\u00e5 havnen samt mulighed for sp\u00f8rgsm\u00e5l og svar.&nbsp; Ny el p\u00e5 broerne er prioritet 1, men herudover blev der talt om hytteby p\u00e5 Plutten, nyt betalingssystem, servicekaj, mastekran og masteskur \u2013 alt naturligvis afh\u00e6ngig af \u00f8konomi og dermed over en \u00e5rr\u00e6kke.<\/p>\n\n\n\n<p>Herefter var der naturligvis sild og ost med lidt drikkelse til \u2013 alt i alt havde vi nogle hyggelige timer i godt selskab i dit B\u00e5delaug.<\/p>\n","protected":false},"excerpt":{"rendered":"<p>FREDERIKSV\u00c6RK B\u00c5DELAUG Mandag den 13. februar 2023 SUMMARISK REFERAT FRA GENERALFORSAMLINGEN S\u00d8NDAG [&hellip;]<\/p>\n","protected":false},"author":1,"featured_media":0,"parent":60,"menu_order":-1,"comment_status":"closed","ping_status":"closed","template":"","meta":[],"_links":{"self":[{"href":"http:\/\/www.baadlauget.dk\/index.php\/wp-json\/wp\/v2\/pages\/227"}],"collection":[{"href":"http:\/\/www.baadlauget.dk\/index.php\/wp-json\/wp\/v2\/pages"}],"about":[{"href":"http:\/\/www.baadlauget.dk\/index.php\/wp-json\/wp\/v2\/types\/page"}],"author":[{"embeddable":true,"href":"http:\/\/www.baadlauget.dk\/index.php\/wp-json\/wp\/v2\/users\/1"}],"replies":[{"embeddable":true,"href":"http:\/\/www.baadlauget.dk\/index.php\/wp-json\/wp\/v2\/comments?post=227"}],"version-history":[{"count":3,"href":"http:\/\/www.baadlauget.dk\/index.php\/wp-json\/wp\/v2\/pages\/227\/revisions"}],"predecessor-version":[{"id":333,"href":"http:\/\/www.baadlauget.dk\/index.php\/wp-json\/wp\/v2\/pages\/227\/revisions\/333"}],"up":[{"embeddable":true,"href":"http:\/\/www.baadlauget.dk\/index.php\/wp-json\/wp\/v2\/pages\/60"}],"wp:attachment":[{"href":"http:\/\/www.baadlauget.dk\/index.php\/wp-json\/wp\/v2\/media?parent=227"}],"curies":[{"name":"wp","href":"https:\/\/api.w.org\/{rel}","templated":true}]}}

<p>FREDERIKSVÆRK BÅDELAUG</p>



<p>Mandag den 13. februar 2023</p>



<p><strong><u>SUMMARISK REFERAT FRA GENERALFORSAMLINGEN SØNDAG DEN 12. FEBRUAR 2023</u></strong></p>



<p>Formanden kunne byde velkommen til 20 fremmødte og udtrykte håbet om en rolig og værdig generalforsamling.</p>



<p>Første punkt på dagsordenen var valg af dirigent og bestyrelsen foreslog Leif Larsen, som blev valgt med akklamation. Dirigenten konstaterede, at generalforsamlingen var lovligt indvarslet og beslutningsdygtig. Formanden fik herefter ordet for beretningen.</p>



<p><strong><u>Bestyrelsens beretning for 2022.</u></strong><br>2022 er gået uden, at Coronaen har grebet voldsomt forstyrrende ind – vi tilskriver det omtanke, omhu og hensyn til hinanden – sådan skal det være.</p>



<p><strong>Bestyrelsessammensætningen </strong>har været uændret i hele perioden. I årets løb har der været afholdt <strong>9 bestyrelsesmøder</strong> og de <strong>økonomiske dispositioner</strong> har i hovedtrækkene andraget ca. kr. 12.000 og fordeler sig således: Bestyrelsesmøder med kr. 702, medlemsarrangementer med kr. 7.083, ”gaver” med kr. 2.800 (hjemmeside, bårebuket og vin) og kontorhold med kr. 1704.</p>



<p><strong>Medlemsstatus</strong> er steget fra 127 til 128.</p>



<p><strong>Aktiviteterne</strong> i det forgange år har udgjort:</p>



<ul><li>Generalforsamling i februar med 24 fremmødte – Ole ”Snus” valgte at fratræde bestyrelsen efter mange års tro tjeneste og vi valgte at gøre Ole til æresmedlem.</li><li>Peter og Mikaels brunkål tiltrak ca. 20 deltagere.</li><li>Kontingentindbetaling i marts hvor ca. 65 mødte frem.</li><li>Standerhejsning i april med 19 deltagere.</li><li>Sct. Hansgrill i juni som tiltrak 40 hoveder.</li><li>Herretur i september, som er ved at være et Bådelaugs-arrangement.</li><li>Standerhaling i november med 26 deltagere.</li><li>Pia og Niels’ gule ærter i november med 18 deltagere.</li><li>Jytte og Sørens gløgg-arrangement i december med 17 deltagere.</li></ul>



<p><strong>Klubhuset</strong> er fortsat et hyggeligt samlingssted både til hverdag og fest og Kasper styrer det på fin vis – tak for det Kasper.<br>Også tak til Peter som formand billard.<br>Vi har strammet op på reglerne omkring udlån gående på, at udlån er til medlemmer, at man skal have været medlem mindst 1 år, samt at der skal være ryddeligt og rent ved afleveringen, hvis man vil have sit depositum på kr. 2.500 tilbage.<br>Flagsnoren til standeren har drillet meget, men nu skulle den virke – vi krydser fingre.<br>Vores hjemmeside er kommet op at stå og vi synes selv, den ser rigtig godt ud.</p>



<p><strong>2023, hvad vil det bringe?</strong><br>Aktivitetskalenderen er udsendt, men finder I på noget andet/mere, så skriv på tavlen.<br>Klubhuset skal males, et par sternbrædder skal skiftes, skurtaget skal have en overhaling – det tager vi op i løbet af foråret.<br>I det tidlige forår har vi tidligere nydt brunkål ”mit alles” ved Peter og Mikaels foranstaltning – det ser vi naturligvis frem til igen – og det er fastsat til lørdag den 18. marts; sådan!<br>Idet sene forår vil vi arbejde på at komme en tur med Frederikke på Arresø – men mere om det senere.</p>



<p><strong>Tak for 2022</strong> og tak for indsatsen fra jer, der giver en hånd med både i hverdagen og ved festlige lejligheder.</p>



<p>Dirigenten forespurgte, om der var bemærkninger til beretningen, hvilket der ikke var. Beretningen fik en hånd med på vejen.</p>



<p><strong><u>Fremlæggelse af regnskab.</u></strong><br>Kassereren Michael Høybye fremlagde regnskabet og fremhævede den høje udgift til el, samt det unødige arbejde med medlemmer, der betaler kontingent (alt) for sent – 22 havde ikke betalt da fristen udløb 31. marts 2022 og den sidste betalte først ved årets udgang!<br>Der var lidt spørgsmål om gebyrer mv. i forhold til banken, hvorefter regnskabet blev godkendt med akklamation.</p>



<p><strong><u>Fastsættelse af kontingent mv.<br></u></strong>Takstbladet fremlagdes mundtligt og bestyrelsen forslog det uændret således: Kontingent kr. 400, indmeldelsesgebyr kr. 100, opkrævningsgebyr kr. 100 og kollektiv ansvarsforsikring kr. 230. Opkrævningsgebyret blev forslået sat til kr. 400 for at sætte alvor på overfor restanter i forbindelse med kontingentindbetaling. Formanden forslog i stedet at indskrive en ”profylaktisk skideballe” til rette vedkommende.<br>Generalforsamlingen godkendte på dette grundlag, at takstbladet fortsætter uændret.</p>



<p><strong><u>Indkomne forslag.</u></strong> Der var ingen indkomne forslag.</p>



<p><strong><u>Valg til bestyrelsen:<br></u></strong>Niels Gregart blev genvalgt for 2 år og Søren Søgaard blev nyvalgt for 2 år, idet Mikael Winther havde ønsket at træde ud; tak til Mikael for indsatsen gennem flere år.<br>Michael Høybyes situation havde ændret sig og han blev genvalgt for 1 år.<br>Lars Arnesen og Søren Nielsen var ikke på valg og bliver siddende.<br>Som bestyrelsessuppleanter blev Pia Winther og Erling Mangaard genvalgt med akklamation<br>Som revisorer blev Susanne Gregart genvalgt og Helle Harder nyvalgt med akklamation.</p>



<p><strong><u>Eventuelt.</u></strong><br>Som kandidat til A.m.b.a. blev Søren Nielsen bragt i forslag, idet Per Olsen har ønsket at træde ud.</p>



<p>Dirigenten kunne herefter konstatere, at dagsordenen var udtømt og gav ordet tilbage til formanden, som takkede dirigenten for god og myndig ledelse af generalforsamlingen, samt naturligvis generalforsamlingen for valgene, samt god ro og orden.</p>



<p>__Sign.______________________&nbsp;&nbsp;&nbsp;&nbsp;&nbsp;&nbsp;&nbsp;&nbsp;&nbsp;&nbsp;&nbsp;&nbsp;&nbsp;&nbsp;&nbsp;&nbsp;&nbsp;&nbsp;&nbsp;&nbsp;&nbsp;&nbsp;&nbsp;&nbsp;&nbsp;&nbsp;&nbsp;&nbsp;&nbsp;&nbsp;&nbsp;&nbsp;&nbsp;&nbsp;&nbsp;&nbsp;&nbsp;&nbsp;&nbsp;&nbsp; ___Sign._________________________________&nbsp;&nbsp;&nbsp;&nbsp;&nbsp;&nbsp;&nbsp;&nbsp;&nbsp;&nbsp;&nbsp;&nbsp;&nbsp;&nbsp;<br>Niels Gregart&nbsp;&nbsp;&nbsp;&nbsp;&nbsp;&nbsp;&nbsp;&nbsp;&nbsp;&nbsp;&nbsp;&nbsp;&nbsp;&nbsp;&nbsp;&nbsp;&nbsp;&nbsp;&nbsp;&nbsp;&nbsp;&nbsp;&nbsp;&nbsp;&nbsp;&nbsp;&nbsp;&nbsp;&nbsp;&nbsp;&nbsp;&nbsp;&nbsp;&nbsp;&nbsp;&nbsp;&nbsp;&nbsp;&nbsp;&nbsp;&nbsp;&nbsp;&nbsp;&nbsp;&nbsp;&nbsp;&nbsp;&nbsp;&nbsp;&nbsp;&nbsp;&nbsp;&nbsp;&nbsp;&nbsp;&nbsp;&nbsp;&nbsp;&nbsp;&nbsp;&nbsp;&nbsp;&nbsp;&nbsp;&nbsp;&nbsp;&nbsp;&nbsp;&nbsp;&nbsp;&nbsp;&nbsp;&nbsp;&nbsp; Leif Larsen<br>Referent&nbsp;&nbsp;&nbsp;&nbsp;&nbsp;&nbsp;&nbsp;&nbsp;&nbsp;&nbsp;&nbsp;&nbsp;&nbsp;&nbsp;&nbsp;&nbsp;&nbsp;&nbsp;&nbsp;&nbsp;&nbsp;&nbsp;&nbsp;&nbsp;&nbsp;&nbsp;&nbsp;&nbsp;&nbsp;&nbsp;&nbsp;&nbsp;&nbsp;&nbsp;&nbsp;&nbsp;&nbsp;&nbsp;&nbsp;&nbsp;&nbsp;&nbsp;&nbsp;&nbsp;&nbsp;&nbsp;&nbsp;&nbsp;&nbsp;&nbsp;&nbsp;&nbsp;&nbsp;&nbsp;&nbsp;&nbsp;&nbsp;&nbsp;&nbsp;&nbsp;&nbsp;&nbsp;&nbsp;&nbsp;&nbsp;&nbsp;&nbsp;&nbsp;&nbsp;&nbsp;&nbsp;&nbsp;&nbsp;&nbsp;&nbsp;&nbsp;&nbsp;&nbsp;&nbsp;&nbsp;&nbsp; Dirigent&nbsp;&nbsp;&nbsp;&nbsp;&nbsp;&nbsp;&nbsp;&nbsp;&nbsp;&nbsp;&nbsp;&nbsp;&nbsp;&nbsp;&nbsp;&nbsp;&nbsp;&nbsp;&nbsp;&nbsp;&nbsp;&nbsp;&nbsp;&nbsp;&nbsp;&nbsp;&nbsp;&nbsp;&nbsp;&nbsp;&nbsp;&nbsp;&nbsp;&nbsp;&nbsp;&nbsp;&nbsp;&nbsp;&nbsp;&nbsp;&nbsp;&nbsp;&nbsp;&nbsp;&nbsp;&nbsp;&nbsp;&nbsp;&nbsp;&nbsp;&nbsp;&nbsp;&nbsp;&nbsp;&nbsp;&nbsp;&nbsp;&nbsp; &nbsp;&nbsp;&nbsp;&nbsp;&nbsp;&nbsp;&nbsp;&nbsp;&nbsp;&nbsp;&nbsp;&nbsp;&nbsp;&nbsp;&nbsp;&nbsp;&nbsp;&nbsp;&nbsp;&nbsp;&nbsp;&nbsp;&nbsp;&nbsp;&nbsp;&nbsp;&nbsp;&nbsp;&nbsp;&nbsp;&nbsp;&nbsp;&nbsp;&nbsp;&nbsp;&nbsp;&nbsp;&nbsp;&nbsp;&nbsp;&nbsp;&nbsp;&nbsp;&nbsp;&nbsp;&nbsp;&nbsp;<br><strong>Note!</strong><br>Efter generalforsamlingen havde Steen Hasselriis, formanden for Frederiksværk Havn A.m.b.a stillet sig til rådighed for en orientering om livet på havnen samt mulighed for spørgsmål og svar.&nbsp; Ny el på broerne er prioritet 1, men herudover blev der talt om hytteby på Plutten, nyt betalingssystem, servicekaj, mastekran og masteskur – alt naturligvis afhængig af økonomi og dermed over en årrække.</p>



<p>Herefter var der naturligvis sild og ost med lidt drikkelse til – alt i alt havde vi nogle hyggelige timer i godt selskab i dit Bådelaug.</p>

<p>FREDERIKSVÆRK BÅDELAUG Mandag den 13. februar 2023 SUMMARISK REFERAT FRA GENERALFORSAMLINGEN SØNDAG [&hellip;]</p>
