{"id":184,"date":"2022-12-11T14:05:31","date_gmt":"2022-12-11T13:05:31","guid":{"rendered":"http:\/\/www.baadlauget.dk\/?page_id=184"},"modified":"2022-12-11T14:10:33","modified_gmt":"2022-12-11T13:10:33","slug":"aktiviteter-2023","status":"publish","type":"page","link":"http:\/\/www.baadlauget.dk\/index.php\/aktivitetskalender\/aktiviteter-2023\/","title":{"rendered":"Aktiviteter 2023"},"content":{"rendered":"\n<p>Frederiksv\u00e6rk B\u00e5delaug<\/p>\n\n\n\n<p>Tirsdag den 6. december 2022<\/p>\n\n\n\n<p>K\u00e6re medlemmer<\/p>\n\n\n\n<p>Med \u00f8nsket om en gl\u00e6delig jul og et godt nyt\u00e5r fremsendes hermed aktivitetskalender for 2023.<\/p>\n\n\n\n<p><strong><u>AKTIVITETSKALENDER FOR 2023<\/u><\/strong><\/p>\n\n\n\n<figure class=\"wp-block-table\"><table><tbody><tr><td><strong>Hvad<\/strong><\/td><td><strong>Hvorn\u00e5r<\/strong><\/td><td><strong>Tilmeldingsfrist<\/strong><\/td><td><strong>Pris pr. hoved<\/strong><\/td><td><strong>Bem\u00e6rkninger<\/strong><\/td><\/tr><tr><td>Generalforsamling i B\u00e5delauget<\/td><td>S\u00d8N 12 FEB&nbsp;&nbsp; kl. 1000<\/td><td>Til sild og ost S\u00d8N 05 FEB<\/td><td>Gratis<\/td><td>Forslag senest S\u00d8N 29 JAN<\/td><\/tr><tr><td>Kontingentindbetaling i klubhuset<\/td><td>S\u00d8N 05 MAR kl. 1000-1300<\/td><td>Bare m\u00f8d op<\/td><td>Jf. takstblad<\/td><td>&nbsp;<\/td><\/tr><tr><td>Kontingentindbetaling i klubhuset<\/td><td>S\u00d8N 12 MAR kl. 1000-1300<\/td><td>Bare m\u00f8d op<\/td><td>Jf. takstblad<\/td><td>&nbsp;<\/td><\/tr><tr><td>Standerhejsning<\/td><td>L\u00d8R 01 APR &nbsp;&nbsp;kl. 1700<\/td><td>S\u00d8N 19 MAR<\/td><td>Kr. 75 for medlem Kr. 100 ikke medlem<\/td><td>&nbsp;<\/td><\/tr><tr><td>Pinsetur<\/td><td>L\u00d8R 27 MAJ \u2013 MAN 29 MAJ<\/td><td>S\u00d8N 21 MAJ \u2013 giv et praj<\/td><td>Det det koster<\/td><td>Rot jer sammen og tag afsted<\/td><\/tr><tr><td>Sct. Hans grill<\/td><td>FRE 23 JUN<\/td><td>S\u00d8N 18 JUN \u2013 giv lige et praj om ca. antal<\/td><td>Du har selv mad med, d\u00e6kker selv bord, rydder selv op<\/td><td>Grill t\u00e6ndes ca. kl. 1700 af de, der m\u00f8der f\u00f8rst<\/td><\/tr><tr><td>Herretur<\/td><td>L\u00d8R 02 SEP<\/td><td>Skipperm\u00f8de p\u00e5 dagen kl. 0800<\/td><td>Du er selvforsynende<\/td><td>&nbsp;<\/td><\/tr><tr><td>Standerhaling<\/td><td>L\u00d8R 04 NOV kl. 1700<\/td><td>S\u00d8N 22 OKT<\/td><td>Kr. 75 for medlem Kr. 100 ikke medlem<\/td><td>&nbsp;<\/td><\/tr><tr><td>Bestyrelsesm\u00f8der, f\u00f8rste TIR i n\u00e6vnte m\u00e5neder kl. 1800<\/td><td>JAN, FEB, MAR, APR og OKT, NOV, DEC<\/td><td>F\u00f8rste halve time er \u00e5ben for medlemmer<\/td><td>&nbsp;<\/td><td>&nbsp;<\/td><\/tr><\/tbody><\/table><\/figure>\n\n\n\n<p>Om tilmeldingsfrister:<\/p>\n\n\n\n<ul><li>Tilmelding foretages p\u00e5 liste fremlagt i klubhuset eller ved henvendelse til bestyrelsen.<\/li><li>Tilmelding er bindende efter fristens udl\u00f8b.<\/li><\/ul>\n\n\n\n<p>Opdatering og meddelelser:<\/p>\n\n\n\n<ul><li>F\u00f8lg l\u00f8bende med p\u00e5 B\u00e5delaugets hjemmeside: <a href=\"http:\/\/www.baadlauget.dk\">www.baadlauget.dk<\/a><\/li><li>Se opslagstavlen i klubhuset.<\/li><li>Ret til \u00e6ndringer forbeholdes.<\/li><\/ul>\n\n\n\n<p>CORONAEN ER HER ENDNU \u2013 S\u00c5 VI TAGER STADIG HENSYN TIL HINANDEN<\/p>\n","protected":false},"excerpt":{"rendered":"<p>Frederiksv\u00e6rk B\u00e5delaug Tirsdag den 6. december 2022 K\u00e6re medlemmer Med \u00f8nsket om [&hellip;]<\/p>\n","protected":false},"author":1,"featured_media":0,"parent":67,"menu_order":17,"comment_status":"closed","ping_status":"closed","template":"","meta":[],"_links":{"self":[{"href":"http:\/\/www.baadlauget.dk\/index.php\/wp-json\/wp\/v2\/pages\/184"}],"collection":[{"href":"http:\/\/www.baadlauget.dk\/index.php\/wp-json\/wp\/v2\/pages"}],"about":[{"href":"http:\/\/www.baadlauget.dk\/index.php\/wp-json\/wp\/v2\/types\/page"}],"author":[{"embeddable":true,"href":"http:\/\/www.baadlauget.dk\/index.php\/wp-json\/wp\/v2\/users\/1"}],"replies":[{"embeddable":true,"href":"http:\/\/www.baadlauget.dk\/index.php\/wp-json\/wp\/v2\/comments?post=184"}],"version-history":[{"count":1,"href":"http:\/\/www.baadlauget.dk\/index.php\/wp-json\/wp\/v2\/pages\/184\/revisions"}],"predecessor-version":[{"id":186,"href":"http:\/\/www.baadlauget.dk\/index.php\/wp-json\/wp\/v2\/pages\/184\/revisions\/186"}],"up":[{"embeddable":true,"href":"http:\/\/www.baadlauget.dk\/index.php\/wp-json\/wp\/v2\/pages\/67"}],"wp:attachment":[{"href":"http:\/\/www.baadlauget.dk\/index.php\/wp-json\/wp\/v2\/media?parent=184"}],"curies":[{"name":"wp","href":"https:\/\/api.w.org\/{rel}","templated":true}]}}